{"id":5141,"date":"2023-05-30T19:16:12","date_gmt":"2023-05-30T17:16:12","guid":{"rendered":"https:\/\/lesrencontreseconomiques.fr\/?page_id=5141"},"modified":"2023-06-06T14:24:57","modified_gmt":"2023-06-06T12:24:57","slug":"playlist","status":"publish","type":"page","link":"https:\/\/lesrencontreseconomiques.fr\/playlist\/","title":{"rendered":"La playlist des 23e Rencontres"},"content":{"rendered":"<div class=\"-wrapper -668 -mt-90 -mb-90\">\n<div class=\"cp-intro -texte\">\n<div class=\"description\">\n<div class=\"cp-texte\">\n<h2>La musique pour recr\u00e9er l&rsquo;espoir<\/h2>\n<p>Face aux incertitudes, la musique offre un refuge o\u00f9 trouver r\u00e9confort, inspiration et r\u00e9silience. En nous transmettant des \u00e9motions \u00e0 travers ses paroles, ses m\u00e9lodies et ses rythmes, elle transcende les diff\u00e9rences culturelles et linguistiques, cr\u00e9ant des liens et des communaut\u00e9s, nous connectant aux autres. Stimul\u00e9e par la musique, notre imagination s\u2019\u00e9veille, nous incite \u00e0 croire en nos capacit\u00e9s et \u00e0 cultiver nos r\u00eaves\u2026 et les r\u00e9aliser.<\/p>\n<p>C\u2019est donc parce que la musique a le pouvoir de recr\u00e9er l&rsquo;espoir en chacun d\u2019entre nous que les Rencontres \u00c9conomiques d\u2019Aix-en-Provence ont rassembl\u00e9 dans une playlist les morceaux qui redonnent l\u2019espoir aux intervenants de la 23<sup>e<\/sup> \u00e9dition. D\u00e9couvrez l\u2019histoire de ces morceaux sur le compte Instagram du <a href=\"https:\/\/www.instagram.com\/cercle_eco\/\" target=\"_blank\" rel=\"noopener\">Cercle des \u00e9conomistes<\/a>.<\/p>\n<p>&nbsp;<\/p>\n<p><a class=\"cp-cta-bouton\" href=\"https:\/\/deezer.page.link\/H8M4rVMhFsGKiXTJ7\" target=\"_blank\" rel=\"noopener\">S&rsquo;abonner sur Deezer<\/a>\u00a0 \u00a0 \u00a0 \u00a0 \u00a0 <a class=\"cp-cta-bouton\" href=\"https:\/\/open.spotify.com\/playlist\/0JAZuy7eAqDxl1oJGKcQbG?si=29062b7abae1439d\" target=\"_blank\" rel=\"noopener\">S&rsquo;abonner sur Spotify<\/a><\/p>\n<\/p><\/div>\n<\/p><\/div>\n<\/p><\/div>\n<\/p><\/div>\n<div class=\"-wrapper -668 -mt-90 -mb-90\">\n<div class=\"cp-intro -texte\">\n<div class=\"description\">\n<div class=\"cp-texte\">\n\t\t\t\t<iframe style=\"border-radius:12px\" src=\"https:\/\/open.spotify.com\/embed\/playlist\/0JAZuy7eAqDxl1oJGKcQbG?utm_source=generator&#038;theme=0\" width=\"100%\" height=\"352\" frameBorder=\"0\" allowfullscreen=\"\" allow=\"autoplay; clipboard-write; encrypted-media; fullscreen; picture-in-picture\" loading=\"lazy\"><\/iframe>\t\t\t<\/div>\n<\/p><\/div>\n<\/p><\/div>\n<\/div>\n","protected":false},"excerpt":{"rendered":"<p>La musique pour recr\u00e9er l&rsquo;espoir Face aux incertitudes, la musique offre un refuge o\u00f9 trouver r\u00e9confort, inspiration et r\u00e9silience. En nous transmettant des \u00e9motions \u00e0 travers ses paroles, ses m\u00e9lodies et ses rythmes, elle transcende les diff\u00e9rences culturelles et linguistiques, cr\u00e9ant des liens et des communaut\u00e9s, nous connectant aux autres. Stimul\u00e9e par la musique, notre [&hellip;]<\/p>\n","protected":false},"author":2,"featured_media":0,"parent":0,"menu_order":0,"comment_status":"closed","ping_status":"closed","template":"","meta":{"footnotes":""},"acf":[],"yoast_head":"<!-- This site is optimized with the Yoast SEO plugin v22.0 - https:\/\/yoast.com\/wordpress\/plugins\/seo\/ -->\n<title>La playlist des 23e Rencontres - Les Rencontres \u00c9conomiques<\/title>\n<meta name=\"robots\" content=\"index, follow, max-snippet:-1, max-image-preview:large, max-video-preview:-1\" \/>\n<link rel=\"canonical\" href=\"https:\/\/lesrencontreseconomiques.fr\/playlist\/\" \/>\n<meta property=\"og:locale\" content=\"fr_FR\" \/>\n<meta property=\"og:type\" content=\"article\" \/>\n<meta property=\"og:description\" content=\"La musique pour recr\u00e9er l&rsquo;espoir Face aux incertitudes, la musique offre un refuge o\u00f9 trouver r\u00e9confort, inspiration et r\u00e9silience. En nous transmettant des \u00e9motions \u00e0 travers ses paroles, ses m\u00e9lodies et ses rythmes, elle transcende les diff\u00e9rences culturelles et linguistiques, cr\u00e9ant des liens et des communaut\u00e9s, nous connectant aux autres. Stimul\u00e9e par la musique, notre [&hellip;]\" \/>\n<meta property=\"og:url\" content=\"https:\/\/lesrencontreseconomiques.fr\/playlist\/\" \/>\n<meta property=\"og:site_name\" content=\"Les Rencontres \u00c9conomiques\" \/>\n<meta property=\"article:publisher\" content=\"https:\/\/www.facebook.com\/Le.Cercle.des.Economistes\/\" \/>\n<meta property=\"article:modified_time\" content=\"2023-06-06T12:24:57+00:00\" \/>\n<meta name=\"twitter:card\" content=\"summary_large_image\" \/>\n<meta name=\"twitter:site\" content=\"@Cercle_eco\" \/>\n<script type=\"application\/ld+json\" class=\"yoast-schema-graph\">{\"@context\":\"https:\/\/schema.org\",\"@graph\":[{\"@type\":\"WebPage\",\"@id\":\"https:\/\/lesrencontreseconomiques.fr\/playlist\/\",\"url\":\"https:\/\/lesrencontreseconomiques.fr\/playlist\/\",\"name\":\"La playlist des 23e Rencontres - Les Rencontres \u00c9conomiques\",\"isPartOf\":{\"@id\":\"https:\/\/lesrencontreseconomiques.fr\/#website\"},\"datePublished\":\"2023-05-30T17:16:12+00:00\",\"dateModified\":\"2023-06-06T12:24:57+00:00\",\"breadcrumb\":{\"@id\":\"https:\/\/lesrencontreseconomiques.fr\/playlist\/#breadcrumb\"},\"inLanguage\":\"fr-FR\",\"potentialAction\":[{\"@type\":\"ReadAction\",\"target\":[\"https:\/\/lesrencontreseconomiques.fr\/playlist\/\"]}]},{\"@type\":\"BreadcrumbList\",\"@id\":\"https:\/\/lesrencontreseconomiques.fr\/playlist\/#breadcrumb\",\"itemListElement\":[{\"@type\":\"ListItem\",\"position\":1,\"name\":\"Accueil\",\"item\":\"https:\/\/lesrencontreseconomiques.fr\/\"},{\"@type\":\"ListItem\",\"position\":2,\"name\":\"La playlist des 23e Rencontres\"}]},{\"@type\":\"WebSite\",\"@id\":\"https:\/\/lesrencontreseconomiques.fr\/#website\",\"url\":\"https:\/\/lesrencontreseconomiques.fr\/\",\"name\":\"Les Rencontres \u00c9conomiques\",\"description\":\"\",\"potentialAction\":[{\"@type\":\"SearchAction\",\"target\":{\"@type\":\"EntryPoint\",\"urlTemplate\":\"https:\/\/lesrencontreseconomiques.fr\/?s={search_term_string}\"},\"query-input\":\"required name=search_term_string\"}],\"inLanguage\":\"fr-FR\"}]}<\/script>\n<!-- \/ Yoast SEO plugin. -->","yoast_head_json":{"title":"La playlist des 23e Rencontres - Les Rencontres \u00c9conomiques","robots":{"index":"index","follow":"follow","max-snippet":"max-snippet:-1","max-image-preview":"max-image-preview:large","max-video-preview":"max-video-preview:-1"},"canonical":"https:\/\/lesrencontreseconomiques.fr\/playlist\/","og_locale":"fr_FR","og_type":"article","og_description":"La musique pour recr\u00e9er l&rsquo;espoir Face aux incertitudes, la musique offre un refuge o\u00f9 trouver r\u00e9confort, inspiration et r\u00e9silience. En nous transmettant des \u00e9motions \u00e0 travers ses paroles, ses m\u00e9lodies et ses rythmes, elle transcende les diff\u00e9rences culturelles et linguistiques, cr\u00e9ant des liens et des communaut\u00e9s, nous connectant aux autres. Stimul\u00e9e par la musique, notre [&hellip;]","og_url":"https:\/\/lesrencontreseconomiques.fr\/playlist\/","og_site_name":"Les Rencontres \u00c9conomiques","article_publisher":"https:\/\/www.facebook.com\/Le.Cercle.des.Economistes\/","article_modified_time":"2023-06-06T12:24:57+00:00","twitter_card":"summary_large_image","twitter_site":"@Cercle_eco","schema":{"@context":"https:\/\/schema.org","@graph":[{"@type":"WebPage","@id":"https:\/\/lesrencontreseconomiques.fr\/playlist\/","url":"https:\/\/lesrencontreseconomiques.fr\/playlist\/","name":"La playlist des 23e Rencontres - Les Rencontres \u00c9conomiques","isPartOf":{"@id":"https:\/\/lesrencontreseconomiques.fr\/#website"},"datePublished":"2023-05-30T17:16:12+00:00","dateModified":"2023-06-06T12:24:57+00:00","breadcrumb":{"@id":"https:\/\/lesrencontreseconomiques.fr\/playlist\/#breadcrumb"},"inLanguage":"fr-FR","potentialAction":[{"@type":"ReadAction","target":["https:\/\/lesrencontreseconomiques.fr\/playlist\/"]}]},{"@type":"BreadcrumbList","@id":"https:\/\/lesrencontreseconomiques.fr\/playlist\/#breadcrumb","itemListElement":[{"@type":"ListItem","position":1,"name":"Accueil","item":"https:\/\/lesrencontreseconomiques.fr\/"},{"@type":"ListItem","position":2,"name":"La playlist des 23e Rencontres"}]},{"@type":"WebSite","@id":"https:\/\/lesrencontreseconomiques.fr\/#website","url":"https:\/\/lesrencontreseconomiques.fr\/","name":"Les Rencontres \u00c9conomiques","description":"","potentialAction":[{"@type":"SearchAction","target":{"@type":"EntryPoint","urlTemplate":"https:\/\/lesrencontreseconomiques.fr\/?s={search_term_string}"},"query-input":"required name=search_term_string"}],"inLanguage":"fr-FR"}]}},"_links":{"self":[{"href":"https:\/\/lesrencontreseconomiques.fr\/wp-json\/wp\/v2\/pages\/5141"}],"collection":[{"href":"https:\/\/lesrencontreseconomiques.fr\/wp-json\/wp\/v2\/pages"}],"about":[{"href":"https:\/\/lesrencontreseconomiques.fr\/wp-json\/wp\/v2\/types\/page"}],"author":[{"embeddable":true,"href":"https:\/\/lesrencontreseconomiques.fr\/wp-json\/wp\/v2\/users\/2"}],"replies":[{"embeddable":true,"href":"https:\/\/lesrencontreseconomiques.fr\/wp-json\/wp\/v2\/comments?post=5141"}],"version-history":[{"count":15,"href":"https:\/\/lesrencontreseconomiques.fr\/wp-json\/wp\/v2\/pages\/5141\/revisions"}],"predecessor-version":[{"id":7455,"href":"https:\/\/lesrencontreseconomiques.fr\/wp-json\/wp\/v2\/pages\/5141\/revisions\/7455"}],"wp:attachment":[{"href":"https:\/\/lesrencontreseconomiques.fr\/wp-json\/wp\/v2\/media?parent=5141"}],"curies":[{"name":"wp","href":"https:\/\/api.w.org\/{rel}","templated":true}]}}